e greatest common divisor of 2666 and 1290?
86
What is the highest common divisor of 58419 and 45?
9
Calculate the highest common divisor of 276 and 968622.
138
What is the greatest common divisor of 425 and 24905?
85
Calculate the highest common divisor of 490 and 6850.
10
What is the highest common divisor of 60066 and 77106?
426
Calculate the greatest common divisor of 1595 and 66330.
55
Calculate the highest common divisor of 424 and 42400.
424
Calculate the highest common factor of 6327 and 42624.
333
What is the greatest common factor of 3848 and 22718?
74
What is the greatest common factor of 4429 and 5974?
103
What is the highest common factor of 452 and 596?
4
Calculate the greatest common divisor of 13 and 20241.
13
Calculate the highest common divisor of 1809 and 27351.
27
Calculate the highest common factor of 10770 and 120000.
30
What is the greatest common factor of 930272 and 224?
224
Calculate the highest common factor of 7349 and 23.
1
Calculate the greatest common divisor of 578590 and 10.
10
Calculate the greatest common divisor of 174 and 1522674.
174
Calculate the greatest common factor of 3 and 46653.
3
Calculate the highest common factor of 49648 and 64.
16
What is the greatest common factor of 4598 and 5548?
38
What is the highest common divisor of 388 and 776?
388
Calculate the greatest common divisor of 6120 and 27132.
204
What is the highest common factor of 44 and 7799?
11
Calculate the greatest common factor of 82777 and 305.
61
What is the highest common divisor of 1406099 and 47?
47
What is the highest common factor of 12557 and 91796?
433
What is the greatest common divisor of 243 and 4149?
9
What is the highest common divisor of 2860 and 4680?
260
What is the highest common divisor of 23069 and 1137166?
1357
What is the highest common divisor of 104203 and 308?
11
What is the highest common factor of 278132 and 341?
31
What is the greatest common factor of 84 and 8764?
28
What is the greatest common factor of 123071 and 13?
13
What is the greatest common factor of 10901 and 341?
11
What is the greatest common factor of 18 and 735774?
6
What is the greatest common divisor of 305206 and 11?
11
What is the greatest common factor of 1703429 and 26?
13
What is the greatest common divisor of 6229776 and 112?
112
Calculate the highest common factor of 89075 and 75.
25
What is the greatest common divisor of 78243 and 66?
33
Calculate the greatest common factor of 532 and 5187.
133
Calculate the highest common factor of 3872 and 6677.
11
What is the greatest common factor of 1858765 and 1780?
445
What is the highest common divisor of 76475 and 21?
7
What is the highest common factor of 187 and 277661?
17
Calculate the highest common divisor of 3916 and 32040.
356
Calculate the greatest common divisor of 132 and 2192124.
132
Calculate the highest common divisor of 15648 and 393645.
489
Calculate the highest common divisor of 1408 and 29524.
44
What is the greatest common factor of 282 and 3936?
6
Calculate the greatest common factor of 49931 and 98.
49
What is the highest common divisor of 85224 and 36?
12
Calculate the highest common divisor of 148 and 53687.
37
Calculate the greatest common factor of 10250 and 27.
1
Calculate the highest common divisor of 4600 and 7500.
100
What is the highest common factor of 249 and 1515?
3
What is the greatest common factor of 32 and 74432?
32
Calculate the greatest common divisor of 144 and 47568.
48
What is the greatest common factor of 40 and 59480?
40
What is the highest common factor of 14512 and 16?
16
What is the highest common divisor of 27944 and 160?
8
What is the greatest common divisor of 95703 and 657?
219
Calculate the greatest common divisor of 14 and 14136.
2
Calculate the greatest common divisor of 165 and 18865.
55
What is the highest common divisor of 179480 and 240?
40
Calculate the highest common divisor of 2928 and 41907.
183
What is the highest common factor of 2448534 and 23?
23
What is the highest common factor of 232 and 24998?
58
Calculate the highest common divisor of 651 and 189.
21
What is the greatest common factor of 10488 and 67944?
456
Calculate the highest common divisor of 154732 and 404.
404
Calculate the greatest common divisor of 2952 and 8088.
24
What is the greatest common factor of 80530 and 1150?
10
What is the highest common divisor of 192 and 189108?
12
What is the greatest common factor of 968 and 124?
4
What is the highest common factor of 716406 and 1529?
139
What is the highest common factor of 100962 and 2016?
18
What is the greatest common divisor of 2694618 and 54?
18
What is the highest common factor of 2880 and 89920?
320
What is the greatest common divisor of 12446 and 2646?
98
Calculate the highest common divisor of 107 and 5208011.
107
Calculate the greatest common factor of 16968 and 200.
8
Calculate the highest common factor of 1031370 and 15.
15
What is the highest common factor of 12195 and 13821?
813
What is the greatest common factor of 241315 and 6647?
289
What is the greatest common factor of 602568 and 9?
9
What is the highest common divisor of 120888 and 48?
24
What is the highest common divisor of 9658 and 1672?
22
What is the highest common factor of 30 and 3665?
5
What is the greatest common factor of 14876 and 16?
4
Calculate the highest common divisor of 50 and 25295.
5
Calculate the greatest common factor of 2765 and 43680.
35
What is the greatest common factor of 42 and 17367?
21
Calculate the greatest common factor of 1333250 and 20.
10
What is the greatest common factor of 17089 and 2?
1
Calculate the highest common factor of 7548 and 340.
68
What is the greatest common factor of 7 and 1225?
7
What is the greatest common divisor of 7345 and 5655?
65
What is the highest common divisor of 146784 and 110922?
834
What is the highest common divisor of 686 and 14504?
98
Calculate the highest common divisor of 329 and 160426.
7
Calculate the highest common divisor of 1219 and 6670.
23
What is the highest common factor of 6708448 and 8?
8
What is the highest common divisor of 52 and 657150?
26
Calculate the greatest common factor of 88 and 3480972.
44
What is the highest common factor of 539 and 765380?
539
Calculate the greatest common factor of 860544 and 256.
128
Calculate the greatest common factor of 189184 and 1024.
256
What is the greatest common divisor of 204 and 22406?
34
What is the greatest common factor of 264 and 51704?
8
What is the greatest common factor of 2710 and 20?
10
Calculate the highest common divisor of 8421 and 222154.
401
What is the greatest common divisor of 4250 and 544850?
850
Calculate the greatest common divisor of 975 and 1833.
39
What is the greatest common factor of 33069 and 2847?
219
What is the greatest common factor of 160107 and 5787?
1929
What is the highest common divisor of 8230 and 75?
5
Calculate the highest common divisor of 111 and 37925.
37
What is the highest common divisor of 607281 and 222?
111
What is the highest common divisor of 618228 and 6552?
468
What is the greatest common factor of 394145 and 1615?
85
What is the greatest common factor of 1177 and 34668?
107
Calculate the highest common factor of 113492 and 68.
68
Calculate the greatest common factor of 3177 and 111.
3
Calculate the greatest common divisor of 413 and 26491.
59
Calculate the greatest common factor of 43493 and 67022.
713
Calculate the greatest common divisor of 7777 and 27.
1
Calculate the highest common factor of 10508 and 47360.
148
Calculate the highest common factor of 3248 and 93583.
203
Calculate the greatest common divisor of 1015707 and 21.
21
What is the greatest common factor of 358117 and 157?
157
What is the highest common factor of 865773 and 59926?
1577
What is the greatest common factor of 483143 and 166?
83
What is the highest common factor of 309 and 39140?
103
What is the highest common factor of 1 and 89277?
1
What is the greatest common divisor of 48078 and 720?
18
What is the greatest common divisor of 34257 and 380?
19
Calculate the greatest common divisor of 38019 and 174.
87
What is the highest common factor of 104 and 20917?
13
Calculate the highest common factor of 2451 and 505723.
817
Calculate the greatest common factor of 21408 and 162.
6
What is the highest